culate the greatest common divisor of 74 and d.
37
Suppose 1554 + 1046 = 5*s. Calculate the highest common divisor of 40 and s.
40
Suppose 0 = 2*x + m + 2*m - 7, -2*x = -m - 3. Suppose 2*r + 2*i - 14 = 0, -3*r + 39 = x*r + 4*i. Let t = r + 2. What is the highest common factor of 26 and t?
13
Let h(l) = -l**2 - 52*l - 506. Let o be h(-36). What is the highest common divisor of o and 42?
14
Suppose 0 = -c - 2*n + 48, 3*c - 100 = 2*n + 3*n. Let x(r) = -r + 9. Let d be x(-11). Calculate the highest common divisor of c and d.
20
Suppose 5*w + 8 = 43. Calculate the greatest common divisor of 483 and w.
7
Suppose -4*t = -4*h + 60, -2*h + 18 = 2*t + 2*t. Let i(n) = -n**3 + 14*n**2 - 7*n - 4. Let u be i(h). Calculate the highest common factor of u and 111.
37
Let i be ((-2)/2)/(49/(-2989)). What is the highest common divisor of i and 1769?
61
Suppose -22*t + 133 = -65. Let x(d) = 3 + 2*d**2 - 11*d + 8 + 4*d. Let p be x(t). Calculate the greatest common divisor of 22 and p.
22
Let f be 51 - 3 - (-2)/(-1). Suppose 12 = -44*w + f*w. What is the greatest common factor of w and 24?
6
Let v(l) = l**3 - 4*l**2 + l - 3. Let t be v(4). Suppose -49 + t = -4*o. Calculate the highest common divisor of o and 8.
4
Let s be (-416)/(-20) + 8/40*1. Calculate the greatest common factor of 721 and s.
7
Let t(a) = -a**3 + 7*a**2 + 10*a + 28. Let p be t(-6). Let n = p - 289. Calculate the greatest common factor of 21 and n.
21
Let y = -286 + 304. Calculate the highest common divisor of y and 24.
6
Let u = 127 + -91. Suppose -u = -0*m - 4*m. Suppose 4*o = 15 + m. What is the greatest common divisor of o and 42?
6
Suppose -5*s - 35 + 10 = 0, -2*s + 11 = -u. Let v be ((-52)/14 + 2)*u. Let h = -9 - -21. Calculate the highest common divisor of v and h.
12
Let z be (-6)/5*10/(-3). Let x be (1 + 2)*(-16)/(-24). Suppose -2*n - x*u + 42 = 0, -3*n = -u - 0*u - 59. Calculate the greatest common divisor of z and n.
4
Let x be (-1)/2*((-2)/2 + -35). What is the greatest common factor of 207 and x?
9
Suppose 784 = 157*w - 150*w. Calculate the greatest common factor of w and 98.
14
Let s be (-136)/(-8) - 30/5. Let b(m) = -265*m**3 - m**2 - m - 1. Let x be b(-1). Suppose l - 4*l = -x. What is the highest common divisor of s and l?
11
Let t = -1627 - -1677. What is the highest common divisor of 30 and t?
10
Suppose -44*x + 41*x = 4*u - 1950, 1938 = 4*u - 3*x. Calculate the highest common divisor of u and 2.
2
Let g(h) = 4*h + 1. Let d be g(3). Suppose 0 = y + y. Suppose 77 = 2*l + 3*b - 27, -b = y. What is the highest common divisor of d and l?
13
Let i be (-7 - -11)/(1/38). Let p = 26 - 7. What is the greatest common divisor of p and i?
19
Let n = -20 + 23. Suppose -5*g = -5*i + 35, i + g - 43 = -n*i. What is the greatest common divisor of i and 30?
10
Suppose -5*g - f = -579 - 572, 0 = g + f - 227. Calculate the highest common divisor of 42 and g.
21
Suppose 0 = 3*z + 3*z + 1230. Let u = 295 + z. What is the highest common factor of u and 36?
18
Let x(f) = f**2 - 37*f + 254. Let k be x(7). What is the greatest common divisor of k and 55?
11
Let j(m) = 265*m**3 - 2*m + 1. Let b be j(1). Suppose 96 = 134*t - 130*t. Calculate the greatest common divisor of b and t.
24
Suppose 0 = 5*s + 10, -4*f + 0*f + 154 = 3*s. Suppose -w + 29 = -f. Suppose 33 = 2*i - l, -4*i - 5*l + w = -i. Calculate the highest common divisor of 9 and i.
9
Suppose 4*j = 416 + 240. Suppose -3*f = -562 - j. Let t(s) = 2*s**2 - 6*s + 2. Let w be t(5). Calculate the highest common factor of f and w.
22
Let w be (-12)/(0 + -1) - (-4)/2. Let j be (-760)/(-35) - (-4)/w. Suppose 4*p + p = 0, l + 2*p = 11. What is the highest common factor of l and j?
11
Let d(o) = -o + 16. Let a be d(13). Let g be ((-47)/a - -1)*(2 + -5). What is the highest common divisor of g and 4?
4
Let j(n) = -2*n + 3. Let d be j(2). Let p be (71 - -1)*(d - 10/(-6)). Calculate the greatest common factor of p and 12.
12
Let t(h) = 15*h**2 - 15*h + 135. Let u be t(8). Calculate the highest common divisor of 39 and u.
39
Let l(t) = -8*t + 10. Let i(y) = -y. Let s(f) = 5*i(f) - l(f). Let z be s(-12). Let p = z - -190. What is the greatest common factor of p and 16?
16
Let o be 34/6 + 3/9. Suppose 4*z - w = 26, -2*z + 5*w = 8*w - o. Let y be (-69)/(-21) + z/(-21). What is the greatest common divisor of 24 and y?
3
Let o be 120/150*(2 - -238). Calculate the highest common factor of o and 12.
12
Let k be 26/6 + 2/3. Suppose -5*h + 10*u - 10 = k*u, 3*h + 5 = 2*u. Let p be ((-22)/(-7))/(h/(-7)). Calculate the highest common factor of p and 22.
22
Suppose 18*z - 420 = -10*z. Calculate the greatest common divisor of 285 and z.
15
Let b(q) = 5*q + 15. Let v be b(-3). Suppose -45 = -w + a, v*a - 4*a + 180 = 4*w. What is the greatest common divisor of w and 135?
45
Let h be 3926/(-10)*15/(-3). Calculate the highest common factor of 151 and h.
151
Suppose 3*p = 4*r - 2*r - 1860, -r + 4*p = -930. Let i be 4/3 + r/45. Calculate the highest common divisor of 154 and i.
22
Suppose 11*c + 2*v - 586 = 8*c, -787 = -4*c + 3*v. What is the greatest common factor of c and 21?
7
Suppose -3*h = -4*h + 5. Let o(s) = 2*s - h + 1 - 8. Let a be o(12). What is the greatest common factor of 3 and a?
3
Suppose -5*u + 4*t + 16 = 0, 4*u + 5*t + 20 = 2*u. Suppose u = 7*z - 30 - 19. What is the greatest common factor of z and 21?
7
Let p be -6*-2*1/6. Suppose -72 = p*l - 5*l. What is the greatest common factor of 60 and l?
12
Suppose -5*d - 29 = -3*u, 4*u - 7*d - 36 = -3*d. Suppose c = u + 13. Let y = c + -10. Calculate the highest common factor of 77 and y.
11
Let b = 752 - 745. Calculate the greatest common factor of b and 4.
1
Suppose -51 + 3 = -3*u. Let p be 38 + 77 - 13/(-1). Calculate the greatest common divisor of p and u.
16
Let g = 32 - 27. Suppose 0 = -4*m + 7*m + v - 15, -5*v = -15. Suppose -m*f - 2 = -2*d, d - 14 = -d - 2*f. What is the highest common divisor of g and d?
5
Suppose -2*z = -6*z + 20, -4*z + 80 = 4*b. Suppose 0 = -b*x + 16*x - 20. What is the greatest common factor of 5 and x?
5
Suppose 3*i - 45 + 192 = 3*o, 2*i = -5*o + 210. Calculate the highest common factor of 77 and o.
11
Let b(w) = -2*w**3 + 3*w**2 - 5 - w**3 - w + 11*w - 9*w. Let i be b(-3). Calculate the greatest common divisor of 10 and i.
10
Let n = -331 - -344. What is the greatest common factor of 377 and n?
13
Suppose 0 = 41*w - 22*w - 532. Calculate the greatest common factor of w and 378.
14
Suppose 0 = 3*l - 3*d - 126, -3*l + 147 = l + 3*d. Suppose 41*v = l*v + 70. Let w = -364 - -539. Calculate the greatest common divisor of w and v.
35
Suppose 5*y = -4*m + 122, 4*m - 8*y + 11*y - 126 = 0. Suppose 0 = -r + 4*o + 6, 3*r + o = 8*r - 106. What is the greatest common factor of r and m?
11
Let f(c) = c**2 + 2. Let x be f(4). Suppose -3*k + 244 = -2*m - 0*k, 0 = -2*m - 4*k - 230. Let q = -65 - m. What is the highest common factor of q and x?
18
Suppose -25*i + 938 + 187 = 0. What is the greatest common divisor of 60 and i?
15
Let w(q) = -32*q - 80. Let d be w(-8). Calculate the greatest common divisor of d and 11.
11
Let i be (2/10)/((-2)/(-2*10)). Suppose -i*u + 25 = -5. Calculate the greatest common divisor of u and 10.
5
Let p be (-3)/((-371)/184 - -2). Let m be -2*((-61)/(-2) + 4)/(-3). What is the highest common divisor of m and p?
23
Let u(t) = t**3 + 14*t**2 - 51*t + 42. Let n be u(-17). Calculate the greatest common divisor of 105 and n.
21
Suppose -2*l + 4 = -3*l. Let r(p) = 5*p**2 + 2*p + 5. Let k be r(l). Let h be (-35)/(-5) - (-7 - -11)*-1. Calculate the highest common factor of k and h.
11
Let m = 1344 - 1338. Calculate the highest common divisor of 18 and m.
6
Suppose -7*r + 1361 = 5*j - 6*r, -2*j + 3*r = -541. What is the greatest common divisor of 17 and j?
17
Let s(t) = 2*t - 4. Let g be s(3). Suppose -g*l + 18 = 6. Let x be (7 - 4)*(l + -1). What is the highest common divisor of x and 105?
15
Let s = 1607 - 782. What is the greatest common divisor of 55 and s?
55
Let c(b) = 8*b - b**2 + 3*b**2 + 0*b**2 + 11 - 3*b**2. Let f be c(8). Calculate the greatest common divisor of f and 1.
1
Let s = 42 - 31. Suppose 5*b - 4*d - 507 = 0, -105 = 3*b - 4*b + 2*d. What is the highest common factor of b and s?
11
Suppose 0 = 4*t + 89*y - 91*y - 2334, 3*y - 9 = 0. Calculate the highest common factor